{"id":17,"date":"2023-04-14T20:47:39","date_gmt":"2023-04-14T20:47:39","guid":{"rendered":"https:\/\/skinderskov.dk\/?page_id=17"},"modified":"2023-06-15T19:45:20","modified_gmt":"2023-06-15T17:45:20","slug":"velkommen","status":"publish","type":"page","link":"https:\/\/skinderskov.dk\/","title":{"rendered":"Foreningen"},"content":{"rendered":"\n<p>Skinderskov Grundejerforening ligger i Hjortespringkilen i den nordvestlige del af Herlev Kommune.<\/p>\n\n\n\n<p>Foreningens medlemmer best\u00e5r af 34 grundejere\/husstande p\u00e5 Skinderskovvej 53 \u2013 109. Denne del af Skinderskovvej er blind og omringet af gr\u00f8nne marker med heste, grise, k\u00f8er og f\u00e5r.<\/p>\n\n\n\n<p>Grundejerforeningens omr\u00e5de er underlagt Herlev Kommunes Lokalplan 68, hvilket betyder, at det er obligatorisk for husstandene at v\u00e6re medlem af grundejerforeningen.<\/p>\n\n\n\n<p>I den sydlige del af Skinderskovvej ligger Skinderskovhallen og Hjortespringbadet, som tilbyder mange muligheder for sportslige aktiviteter.<\/p>\n\n\n\n<p>Skinderskov Grundejerforening blev grundlagt i 1969, prim\u00e6rt med det form\u00e5l at f\u00e5 kloakeret vejen, hvilket dog f\u00f8rst skete i 2014.<\/p>\n\n\n\n<p>Foreningen har en r\u00e6kke faste \u00e5rlige tilbagevendende begivenheder:<\/p>\n\n\n\n<ul class=\"wp-block-list\">\n<li>Generalforsamling, der er foreningens h\u00f8jeste myndighed, ligger i marts.<\/li>\n\n\n\n<li>Sommerfest.<\/li>\n\n\n\n<li>Julebanko.<\/li>\n\n\n\n<li>Fastelavn og diverse ad hoc arrangementer.<\/li>\n<\/ul>\n","protected":false},"excerpt":{"rendered":"<p>Skinderskov Grundejerforening ligger i Hjortespringkilen i den nordvestlige del af Herlev Kommune. Foreningens medlemmer best\u00e5r af 34 grundejere\/husstande p\u00e5 Skinderskovvej 53 \u2013 109. Denne del af Skinderskovvej er blind og omringet af gr\u00f8nne marker med heste, grise, k\u00f8er og f\u00e5r. Grundejerforeningens omr\u00e5de er underlagt Herlev Kommunes Lokalplan 68, hvilket betyder, at det er obligatorisk for [&hellip;]<\/p>\n","protected":false},"author":1,"featured_media":9,"parent":0,"menu_order":0,"comment_status":"closed","ping_status":"closed","template":"templates\/boxed-page-builder.php","meta":{"_acf_changed":false,"site-container-style":"default","site-container-layout":"default","site-sidebar-layout":"default","site-transparent-header":"default","disable-article-header":"default","disable-site-header":"default","disable-site-footer":"default","disable-content-area-spacing":"default","footnotes":""},"class_list":["post-17","page","type-page","status-publish","has-post-thumbnail","hentry"],"acf":[],"_links":{"self":[{"href":"https:\/\/skinderskov.dk\/index.php?rest_route=\/wp\/v2\/pages\/17","targetHints":{"allow":["GET"]}}],"collection":[{"href":"https:\/\/skinderskov.dk\/index.php?rest_route=\/wp\/v2\/pages"}],"about":[{"href":"https:\/\/skinderskov.dk\/index.php?rest_route=\/wp\/v2\/types\/page"}],"author":[{"embeddable":true,"href":"https:\/\/skinderskov.dk\/index.php?rest_route=\/wp\/v2\/users\/1"}],"replies":[{"embeddable":true,"href":"https:\/\/skinderskov.dk\/index.php?rest_route=%2Fwp%2Fv2%2Fcomments&post=17"}],"version-history":[{"count":16,"href":"https:\/\/skinderskov.dk\/index.php?rest_route=\/wp\/v2\/pages\/17\/revisions"}],"predecessor-version":[{"id":972,"href":"https:\/\/skinderskov.dk\/index.php?rest_route=\/wp\/v2\/pages\/17\/revisions\/972"}],"wp:featuredmedia":[{"embeddable":true,"href":"https:\/\/skinderskov.dk\/index.php?rest_route=\/wp\/v2\/media\/9"}],"wp:attachment":[{"href":"https:\/\/skinderskov.dk\/index.php?rest_route=%2Fwp%2Fv2%2Fmedia&parent=17"}],"curies":[{"name":"wp","href":"https:\/\/api.w.org\/{rel}","templated":true}]}}